{"id":156499,"date":"2026-04-25T14:45:26","date_gmt":"2026-04-25T12:45:26","guid":{"rendered":"https:\/\/www.assofide.ch\/immobilien\/1739508de-wohnung-ref-2827-02\/"},"modified":"2026-04-28T04:35:03","modified_gmt":"2026-04-28T02:35:03","slug":"1739508de-wohnung-ref-2827-02","status":"publish","type":"casawp_property","link":"https:\/\/www.assofide.ch\/de\/immobilien\/1739508de-wohnung-ref-2827-02\/","title":{"rendered":"Wohnung (ref. 2827-02)"},"content":{"rendered":"<p>In ruhiger und sonniger Lage in Gordola, in einem gepflegten Geb\u00e4ude mit nur drei Wohneinheiten, pr\u00e4sentieren wir diese attraktive 3.5-Zimmerwohnung im zweiten Stock zum Verkauf. Sie ist perfekt f\u00fcr alle, die Wert auf Ruhe, Privatsph\u00e4re und einen herrlichen Blick auf die umliegende Landschaft legen. Die Wohnung besticht durch helle, harmonisch gestaltete R\u00e4ume und eine durchdachte Raumaufteilung. Der harmonische Wohnbereich vereint eine moderne K\u00fcche mit Kochinsel und einen gem\u00fctlichen Wohnraum zu einem stimmigen Ganzen. Grossz\u00fcgige Fensterfronten schaffen einen fliessenden \u00dcbergang zur weitl\u00e4ufigen, \u00fcberdachten Terrasse, die zum Entspannen einl\u00e4dt und einen freien Blick auf die Berge und die Ebene er\u00f6ffnet. Der Schlafbereich umfasst ein gem\u00fctliches und lichtdurchflutetes Doppelzimmer sowie einen weiteren vielseitig nutzbaren Raum, der sich ideal als Arbeits-, G\u00e4ste- oder Hobbyzimmer eignet und sich flexibel an unterschiedliche Bed\u00fcrfnisse anpassen l\u00e4sst. Die modernen, klar gestalteten Badezimmer sind gepflegt und funktional und runden das Gesamtbild dieser Wohnung stilvoll ab. Diese Wohnung ist die perfekte L\u00f6sung f\u00fcr alle, die in einer ruhigen panoramareichen Umgebung wohnen m\u00f6chten, fernab vom Verkehr, aber dennoch perfekt angebunden. Ein gedeckter Parkplatz sowie ein Kellerabteil erg\u00e4nzen dieses attraktive Angebot.<\/p>\n","protected":false},"excerpt":{"rendered":"<p>Wohnung (ref. 2827-02)<\/p>\n","protected":false},"author":0,"featured_media":156500,"parent":0,"menu_order":206,"comment_status":"closed","ping_status":"closed","template":"","meta":{"_acf_changed":false,"inline_featured_image":false,"footnotes":""},"casawp_category":[321],"casawp_feature":[341,378,313,391,371,372,314,347,325,326,373,374],"casawp_utility":[305,375],"casawp_location":[309,388,376],"casawp_salestype":[307],"casawp_availability":[308],"casawp_region":[370],"class_list":["post-156499","casawp_property","type-casawp_property","status-publish","has-post-thumbnail","hentry","casawp_category-apartment","casawp_feature-has-cabletv","casawp_feature-has-cellar","casawp_feature-has-elevator","casawp_feature-has-foreign-quota","casawp_feature-has-lake-view","casawp_feature-has-nice-view","casawp_feature-has-parking","casawp_feature-is-allowed-as-secondary-residency","casawp_feature-is-animal-friendly","casawp_feature-is-child-friendly","casawp_feature-is-quiet","casawp_feature-is-sunny","casawp_utility-residential","casawp_utility-vacation","casawp_location-country_ch","casawp_location-locality_gordola","casawp_location-region_ti","casawp_salestype-buy","casawp_availability-active","casawp_region-locarnese"],"acf":[],"yoast_head":"<!-- This site is optimized with the Yoast SEO plugin v27.4 - https:\/\/yoast.com\/product\/yoast-seo-wordpress\/ -->\n<title>Wohnung (ref. 2827-02) - Assofide SA<\/title>\n<meta name=\"robots\" content=\"index, follow, max-snippet:-1, max-image-preview:large, max-video-preview:-1\" \/>\n<link rel=\"canonical\" href=\"https:\/\/www.assofide.ch\/de\/immobilien\/1739508de-wohnung-ref-2827-02\/\" \/>\n<meta property=\"og:locale\" content=\"de_DE\" \/>\n<meta property=\"og:type\" content=\"article\" \/>\n<meta property=\"og:title\" content=\"Wohnung (ref. 2827-02) - Assofide SA\" \/>\n<meta property=\"og:description\" content=\"Wohnung (ref. 2827-02)\" \/>\n<meta property=\"og:url\" content=\"https:\/\/www.assofide.ch\/de\/immobilien\/1739508de-wohnung-ref-2827-02\/\" \/>\n<meta property=\"og:site_name\" content=\"Assofide SA\" \/>\n<meta property=\"article:modified_time\" content=\"2026-04-28T02:35:03+00:00\" \/>\n<meta name=\"twitter:card\" content=\"summary_large_image\" \/>\n<meta name=\"twitter:label1\" content=\"Gesch\u00e4tzte Lesezeit\" \/>\n\t<meta name=\"twitter:data1\" content=\"1\u00a0Minute\" \/>\n<script type=\"application\/ld+json\" class=\"yoast-schema-graph\">{\"@context\":\"https:\\\/\\\/schema.org\",\"@graph\":[{\"@type\":\"WebPage\",\"@id\":\"https:\\\/\\\/www.assofide.ch\\\/de\\\/immobilien\\\/1739508de-wohnung-ref-2827-02\\\/\",\"url\":\"https:\\\/\\\/www.assofide.ch\\\/de\\\/immobilien\\\/1739508de-wohnung-ref-2827-02\\\/\",\"name\":\"Wohnung (ref. 2827-02) - Assofide SA\",\"isPartOf\":{\"@id\":\"https:\\\/\\\/www.assofide.ch\\\/de\\\/#website\"},\"primaryImageOfPage\":{\"@id\":\"https:\\\/\\\/www.assofide.ch\\\/de\\\/immobilien\\\/1739508de-wohnung-ref-2827-02\\\/#primaryimage\"},\"image\":{\"@id\":\"https:\\\/\\\/www.assofide.ch\\\/de\\\/immobilien\\\/1739508de-wohnung-ref-2827-02\\\/#primaryimage\"},\"thumbnailUrl\":\"https:\\\/\\\/cdn.casasoft.com\\\/media\\\/provider-9970\\\/property-1739508\\\/2827-02.18_2026_04_24_1904_new.jpg?p=xl\",\"datePublished\":\"2026-04-25T12:45:26+00:00\",\"dateModified\":\"2026-04-28T02:35:03+00:00\",\"breadcrumb\":{\"@id\":\"https:\\\/\\\/www.assofide.ch\\\/de\\\/immobilien\\\/1739508de-wohnung-ref-2827-02\\\/#breadcrumb\"},\"inLanguage\":\"de\",\"potentialAction\":[{\"@type\":\"ReadAction\",\"target\":[\"https:\\\/\\\/www.assofide.ch\\\/de\\\/immobilien\\\/1739508de-wohnung-ref-2827-02\\\/\"]}]},{\"@type\":\"ImageObject\",\"inLanguage\":\"de\",\"@id\":\"https:\\\/\\\/www.assofide.ch\\\/de\\\/immobilien\\\/1739508de-wohnung-ref-2827-02\\\/#primaryimage\",\"url\":\"https:\\\/\\\/cdn.casasoft.com\\\/media\\\/provider-9970\\\/property-1739508\\\/2827-02.18_2026_04_24_1904_new.jpg?p=xl\",\"contentUrl\":\"https:\\\/\\\/cdn.casasoft.com\\\/media\\\/provider-9970\\\/property-1739508\\\/2827-02.18_2026_04_24_1904_new.jpg?p=xl\"},{\"@type\":\"BreadcrumbList\",\"@id\":\"https:\\\/\\\/www.assofide.ch\\\/de\\\/immobilien\\\/1739508de-wohnung-ref-2827-02\\\/#breadcrumb\",\"itemListElement\":[{\"@type\":\"ListItem\",\"position\":1,\"name\":\"Home\",\"item\":\"https:\\\/\\\/www.assofide.ch\\\/de\\\/\"},{\"@type\":\"ListItem\",\"position\":2,\"name\":\"Immobilien\",\"item\":\"https:\\\/\\\/www.assofide.ch\\\/de\\\/immobilien\\\/\"},{\"@type\":\"ListItem\",\"position\":3,\"name\":\"Wohnung (ref. 2827-02)\"}]},{\"@type\":\"WebSite\",\"@id\":\"https:\\\/\\\/www.assofide.ch\\\/de\\\/#website\",\"url\":\"https:\\\/\\\/www.assofide.ch\\\/de\\\/\",\"name\":\"Assofide SA\",\"description\":\"\",\"publisher\":{\"@id\":\"https:\\\/\\\/www.assofide.ch\\\/de\\\/#organization\"},\"potentialAction\":[{\"@type\":\"SearchAction\",\"target\":{\"@type\":\"EntryPoint\",\"urlTemplate\":\"https:\\\/\\\/www.assofide.ch\\\/de\\\/?s={search_term_string}\"},\"query-input\":{\"@type\":\"PropertyValueSpecification\",\"valueRequired\":true,\"valueName\":\"search_term_string\"}}],\"inLanguage\":\"de\"},{\"@type\":\"Organization\",\"@id\":\"https:\\\/\\\/www.assofide.ch\\\/de\\\/#organization\",\"name\":\"Assofide SA\",\"url\":\"https:\\\/\\\/www.assofide.ch\\\/de\\\/\",\"logo\":{\"@type\":\"ImageObject\",\"inLanguage\":\"de\",\"@id\":\"https:\\\/\\\/www.assofide.ch\\\/de\\\/#\\\/schema\\\/logo\\\/image\\\/\",\"url\":\"https:\\\/\\\/www.assofide.ch\\\/wp-content\\\/uploads\\\/sites\\\/5\\\/2025\\\/12\\\/assofide_logo.svg\",\"contentUrl\":\"https:\\\/\\\/www.assofide.ch\\\/wp-content\\\/uploads\\\/sites\\\/5\\\/2025\\\/12\\\/assofide_logo.svg\",\"width\":600,\"height\":666,\"caption\":\"Assofide SA\"},\"image\":{\"@id\":\"https:\\\/\\\/www.assofide.ch\\\/de\\\/#\\\/schema\\\/logo\\\/image\\\/\"}}]}<\/script>\n<!-- \/ Yoast SEO plugin. -->","yoast_head_json":{"title":"Wohnung (ref. 2827-02) - Assofide SA","robots":{"index":"index","follow":"follow","max-snippet":"max-snippet:-1","max-image-preview":"max-image-preview:large","max-video-preview":"max-video-preview:-1"},"canonical":"https:\/\/www.assofide.ch\/de\/immobilien\/1739508de-wohnung-ref-2827-02\/","og_locale":"de_DE","og_type":"article","og_title":"Wohnung (ref. 2827-02) - Assofide SA","og_description":"Wohnung (ref. 2827-02)","og_url":"https:\/\/www.assofide.ch\/de\/immobilien\/1739508de-wohnung-ref-2827-02\/","og_site_name":"Assofide SA","article_modified_time":"2026-04-28T02:35:03+00:00","twitter_card":"summary_large_image","twitter_misc":{"Gesch\u00e4tzte Lesezeit":"1\u00a0Minute"},"schema":{"@context":"https:\/\/schema.org","@graph":[{"@type":"WebPage","@id":"https:\/\/www.assofide.ch\/de\/immobilien\/1739508de-wohnung-ref-2827-02\/","url":"https:\/\/www.assofide.ch\/de\/immobilien\/1739508de-wohnung-ref-2827-02\/","name":"Wohnung (ref. 2827-02) - Assofide SA","isPartOf":{"@id":"https:\/\/www.assofide.ch\/de\/#website"},"primaryImageOfPage":{"@id":"https:\/\/www.assofide.ch\/de\/immobilien\/1739508de-wohnung-ref-2827-02\/#primaryimage"},"image":{"@id":"https:\/\/www.assofide.ch\/de\/immobilien\/1739508de-wohnung-ref-2827-02\/#primaryimage"},"thumbnailUrl":"https:\/\/cdn.casasoft.com\/media\/provider-9970\/property-1739508\/2827-02.18_2026_04_24_1904_new.jpg?p=xl","datePublished":"2026-04-25T12:45:26+00:00","dateModified":"2026-04-28T02:35:03+00:00","breadcrumb":{"@id":"https:\/\/www.assofide.ch\/de\/immobilien\/1739508de-wohnung-ref-2827-02\/#breadcrumb"},"inLanguage":"de","potentialAction":[{"@type":"ReadAction","target":["https:\/\/www.assofide.ch\/de\/immobilien\/1739508de-wohnung-ref-2827-02\/"]}]},{"@type":"ImageObject","inLanguage":"de","@id":"https:\/\/www.assofide.ch\/de\/immobilien\/1739508de-wohnung-ref-2827-02\/#primaryimage","url":"https:\/\/cdn.casasoft.com\/media\/provider-9970\/property-1739508\/2827-02.18_2026_04_24_1904_new.jpg?p=xl","contentUrl":"https:\/\/cdn.casasoft.com\/media\/provider-9970\/property-1739508\/2827-02.18_2026_04_24_1904_new.jpg?p=xl"},{"@type":"BreadcrumbList","@id":"https:\/\/www.assofide.ch\/de\/immobilien\/1739508de-wohnung-ref-2827-02\/#breadcrumb","itemListElement":[{"@type":"ListItem","position":1,"name":"Home","item":"https:\/\/www.assofide.ch\/de\/"},{"@type":"ListItem","position":2,"name":"Immobilien","item":"https:\/\/www.assofide.ch\/de\/immobilien\/"},{"@type":"ListItem","position":3,"name":"Wohnung (ref. 2827-02)"}]},{"@type":"WebSite","@id":"https:\/\/www.assofide.ch\/de\/#website","url":"https:\/\/www.assofide.ch\/de\/","name":"Assofide SA","description":"","publisher":{"@id":"https:\/\/www.assofide.ch\/de\/#organization"},"potentialAction":[{"@type":"SearchAction","target":{"@type":"EntryPoint","urlTemplate":"https:\/\/www.assofide.ch\/de\/?s={search_term_string}"},"query-input":{"@type":"PropertyValueSpecification","valueRequired":true,"valueName":"search_term_string"}}],"inLanguage":"de"},{"@type":"Organization","@id":"https:\/\/www.assofide.ch\/de\/#organization","name":"Assofide SA","url":"https:\/\/www.assofide.ch\/de\/","logo":{"@type":"ImageObject","inLanguage":"de","@id":"https:\/\/www.assofide.ch\/de\/#\/schema\/logo\/image\/","url":"https:\/\/www.assofide.ch\/wp-content\/uploads\/sites\/5\/2025\/12\/assofide_logo.svg","contentUrl":"https:\/\/www.assofide.ch\/wp-content\/uploads\/sites\/5\/2025\/12\/assofide_logo.svg","width":600,"height":666,"caption":"Assofide SA"},"image":{"@id":"https:\/\/www.assofide.ch\/de\/#\/schema\/logo\/image\/"}}]}},"_links":{"self":[{"href":"https:\/\/www.assofide.ch\/de\/wp-json\/wp\/v2\/casawp_property\/156499","targetHints":{"allow":["GET"]}}],"collection":[{"href":"https:\/\/www.assofide.ch\/de\/wp-json\/wp\/v2\/casawp_property"}],"about":[{"href":"https:\/\/www.assofide.ch\/de\/wp-json\/wp\/v2\/types\/casawp_property"}],"replies":[{"embeddable":true,"href":"https:\/\/www.assofide.ch\/de\/wp-json\/wp\/v2\/comments?post=156499"}],"version-history":[{"count":0,"href":"https:\/\/www.assofide.ch\/de\/wp-json\/wp\/v2\/casawp_property\/156499\/revisions"}],"wp:featuredmedia":[{"embeddable":true,"href":"https:\/\/www.assofide.ch\/de\/wp-json\/wp\/v2\/media\/156500"}],"wp:attachment":[{"href":"https:\/\/www.assofide.ch\/de\/wp-json\/wp\/v2\/media?parent=156499"}],"wp:term":[{"taxonomy":"casawp_category","embeddable":true,"href":"https:\/\/www.assofide.ch\/de\/wp-json\/wp\/v2\/casawp_category?post=156499"},{"taxonomy":"casawp_feature","embeddable":true,"href":"https:\/\/www.assofide.ch\/de\/wp-json\/wp\/v2\/casawp_feature?post=156499"},{"taxonomy":"casawp_utility","embeddable":true,"href":"https:\/\/www.assofide.ch\/de\/wp-json\/wp\/v2\/casawp_utility?post=156499"},{"taxonomy":"casawp_location","embeddable":true,"href":"https:\/\/www.assofide.ch\/de\/wp-json\/wp\/v2\/casawp_location?post=156499"},{"taxonomy":"casawp_salestype","embeddable":true,"href":"https:\/\/www.assofide.ch\/de\/wp-json\/wp\/v2\/casawp_salestype?post=156499"},{"taxonomy":"casawp_availability","embeddable":true,"href":"https:\/\/www.assofide.ch\/de\/wp-json\/wp\/v2\/casawp_availability?post=156499"},{"taxonomy":"casawp_region","embeddable":true,"href":"https:\/\/www.assofide.ch\/de\/wp-json\/wp\/v2\/casawp_region?post=156499"}],"curies":[{"name":"wp","href":"https:\/\/api.w.org\/{rel}","templated":true}]}}

<p>In ruhiger und sonniger Lage in Gordola, in einem gepflegten Gebäude mit nur drei Wohneinheiten, präsentieren wir diese attraktive 3.5-Zimmerwohnung im zweiten Stock zum Verkauf. Sie ist perfekt für alle, die Wert auf Ruhe, Privatsphäre und einen herrlichen Blick auf die umliegende Landschaft legen. Die Wohnung besticht durch helle, harmonisch gestaltete Räume und eine durchdachte Raumaufteilung. Der harmonische Wohnbereich vereint eine moderne Küche mit Kochinsel und einen gemütlichen Wohnraum zu einem stimmigen Ganzen. Grosszügige Fensterfronten schaffen einen fliessenden Übergang zur weitläufigen, überdachten Terrasse, die zum Entspannen einlädt und einen freien Blick auf die Berge und die Ebene eröffnet. Der Schlafbereich umfasst ein gemütliches und lichtdurchflutetes Doppelzimmer sowie einen weiteren vielseitig nutzbaren Raum, der sich ideal als Arbeits-, Gäste- oder Hobbyzimmer eignet und sich flexibel an unterschiedliche Bedürfnisse anpassen lässt. Die modernen, klar gestalteten Badezimmer sind gepflegt und funktional und runden das Gesamtbild dieser Wohnung stilvoll ab. Diese Wohnung ist die perfekte Lösung für alle, die in einer ruhigen panoramareichen Umgebung wohnen möchten, fernab vom Verkehr, aber dennoch perfekt angebunden. Ein gedeckter Parkplatz sowie ein Kellerabteil ergänzen dieses attraktive Angebot.</p>

<!-- This site is optimized with the Yoast SEO plugin v27.4 - https://yoast.com/product/yoast-seo-wordpress/ -->
<title>Wohnung (ref. 2827-02) - Assofide SA</title>
<meta name="robots" content="index, follow, max-snippet:-1, max-image-preview:large, max-video-preview:-1" />
<link rel="canonical" href="https://www.assofide.ch/de/immobilien/1739508de-wohnung-ref-2827-02/" />
<meta property="og:locale" content="de_DE" />
<meta property="og:type" content="article" />
<meta property="og:title" content="Wohnung (ref. 2827-02) - Assofide SA" />
<meta property="og:description" content="Wohnung (ref. 2827-02)" />
<meta property="og:url" content="https://www.assofide.ch/de/immobilien/1739508de-wohnung-ref-2827-02/" />
<meta property="og:site_name" content="Assofide SA" />
<meta property="article:modified_time" content="2026-04-28T02:35:03+00:00" />
<meta name="twitter:card" content="summary_large_image" />
<meta name="twitter:label1" content="Geschätzte Lesezeit" />
	<meta name="twitter:data1" content="1 Minute" />
<script type="application/ld+json" class="yoast-schema-graph">{"@context":"https:\/\/schema.org","@graph":[{"@type":"WebPage","@id":"https:\/\/www.assofide.ch\/de\/immobilien\/1739508de-wohnung-ref-2827-02\/","url":"https:\/\/www.assofide.ch\/de\/immobilien\/1739508de-wohnung-ref-2827-02\/","name":"Wohnung (ref. 2827-02) - Assofide SA","isPartOf":{"@id":"https:\/\/www.assofide.ch\/de\/#website"},"primaryImageOfPage":{"@id":"https:\/\/www.assofide.ch\/de\/immobilien\/1739508de-wohnung-ref-2827-02\/#primaryimage"},"image":{"@id":"https:\/\/www.assofide.ch\/de\/immobilien\/1739508de-wohnung-ref-2827-02\/#primaryimage"},"thumbnailUrl":"https:\/\/cdn.casasoft.com\/media\/provider-9970\/property-1739508\/2827-02.18_2026_04_24_1904_new.jpg?p=xl","datePublished":"2026-04-25T12:45:26+00:00","dateModified":"2026-04-28T02:35:03+00:00","breadcrumb":{"@id":"https:\/\/www.assofide.ch\/de\/immobilien\/1739508de-wohnung-ref-2827-02\/#breadcrumb"},"inLanguage":"de","potentialAction":[{"@type":"ReadAction","target":["https:\/\/www.assofide.ch\/de\/immobilien\/1739508de-wohnung-ref-2827-02\/"]}]},{"@type":"ImageObject","inLanguage":"de","@id":"https:\/\/www.assofide.ch\/de\/immobilien\/1739508de-wohnung-ref-2827-02\/#primaryimage","url":"https:\/\/cdn.casasoft.com\/media\/provider-9970\/property-1739508\/2827-02.18_2026_04_24_1904_new.jpg?p=xl","contentUrl":"https:\/\/cdn.casasoft.com\/media\/provider-9970\/property-1739508\/2827-02.18_2026_04_24_1904_new.jpg?p=xl"},{"@type":"BreadcrumbList","@id":"https:\/\/www.assofide.ch\/de\/immobilien\/1739508de-wohnung-ref-2827-02\/#breadcrumb","itemListElement":[{"@type":"ListItem","position":1,"name":"Home","item":"https:\/\/www.assofide.ch\/de\/"},{"@type":"ListItem","position":2,"name":"Immobilien","item":"https:\/\/www.assofide.ch\/de\/immobilien\/"},{"@type":"ListItem","position":3,"name":"Wohnung (ref. 2827-02)"}]},{"@type":"WebSite","@id":"https:\/\/www.assofide.ch\/de\/#website","url":"https:\/\/www.assofide.ch\/de\/","name":"Assofide SA","description":"","publisher":{"@id":"https:\/\/www.assofide.ch\/de\/#organization"},"potentialAction":[{"@type":"SearchAction","target":{"@type":"EntryPoint","urlTemplate":"https:\/\/www.assofide.ch\/de\/?s={search_term_string}"},"query-input":{"@type":"PropertyValueSpecification","valueRequired":true,"valueName":"search_term_string"}}],"inLanguage":"de"},{"@type":"Organization","@id":"https:\/\/www.assofide.ch\/de\/#organization","name":"Assofide SA","url":"https:\/\/www.assofide.ch\/de\/","logo":{"@type":"ImageObject","inLanguage":"de","@id":"https:\/\/www.assofide.ch\/de\/#\/schema\/logo\/image\/","url":"https:\/\/www.assofide.ch\/wp-content\/uploads\/sites\/5\/2025\/12\/assofide_logo.svg","contentUrl":"https:\/\/www.assofide.ch\/wp-content\/uploads\/sites\/5\/2025\/12\/assofide_logo.svg","width":600,"height":666,"caption":"Assofide SA"},"image":{"@id":"https:\/\/www.assofide.ch\/de\/#\/schema\/logo\/image\/"}}]}</script>
<!-- / Yoast SEO plugin. -->
